13?
300
What is 2021102220 (base 3) in base 14?
12474
What is 120201100 (base 3) in base 7?
45255
-10110 (base 2) to base 4
-112
5bcc (base 13) to base 3
122211221
-b3 (base 15) to base 5
-1133
Convert -7224 (base 8) to base 6.
-25140
What is 127 (base 12) in base 11?
14a
-135b (base 14) to base 8
-6525
Convert 213001 (base 4) to base 9.
3374
What is -1302 (base 5) in base 9?
-244
Convert 43013 (base 5) to base 14.
109d
1001101001101 (base 2) to base 7
20256
Convert -10850 (base 9) to base 2.
-1110001010110
Convert 11100011000 (base 2) to base 14.
93a
Convert 1404234 (base 5) to base 4.
13000112
What is 7438 (base 10) in base 11?
5652
156427 (base 8) to base 13
1c9ba
Convert -11010022 (base 3) to base 10.
-3005
649 (base 16) to base 2
11001001001
What is 211021111 (base 3) in base 10?
16240
Convert c4a (base 13) to base 2.
100000101010
What is 12005 (base 6) in base 5?
23413
-20012020 (base 3) to base 10
-4515
141 (base 14) to base 10
253
What is -121200101 (base 3) in base 9?
-17611
a44 (base 11) to base 4
103222
34354 (base 6) to base 3
20201021
What is -14412 (base 6) in base 4?
-210020
Convert 43340 (base 5) to base 2.
101110011010
What is 200313 (base 4) in base 8?
4067
Convert 8b5 (base 13) to base 3.
2001120
1000110010010110 (base 2) to base 3
1211100222
What is 2ea (base 15) in base 14?
35c
What is -100010001110110 (base 2) in base 8?
-42166
What is -35043 (base 6) in base 3?
-20212000
What is 23320 (base 4) in base 9?
1034
What is -411 (base 6) in base 7?
-304
Convert 533003 (base 6) to base 9.
65503
-57103 (base 10) to base 6
-1120211
Convert 256aa (base 12) to base 2.
1100011110100010
What is -28366 (base 9) in base 2?
-100101100111001
781 (base 11) to base 14
4ac
111000001 (base 2) to base 8
701
Convert 2500 (base 15) to base 9.
11720
What is -5bd (base 14) in base 12?
-7b7
2150 (base 7) to base 4
30002
Convert -120102211 (base 3) to base 12.
-661a
-86444 (base 9) to base 11
-39aa4
-22020002 (base 3) to base 10
-5996
Convert 121 (base 3) to base 15.
11
What is -113253 (base 7) in base 16?
-4f95
11010100011011 (base 2) to base 13
625a
What is -101011011100 (base 2) in base 7?
-11051
What is 422323 (base 5) in base 4?
3130020
What is -11010100 (base 2) in base 8?
-324
Convert b816 (base 12) to base 15.
5ea3
Convert -320112 (base 4) to base 3.
-11221120
-442444 (base 5) to base 12
-8a92
Convert -1101110111 (base 2) to base 6.
-4035
-14414 (base 5) to base 16
-4d2
Convert 1351 (base 11) to base 7.
5050
Convert 1010012 (base 3) to base 7.
2243
What is 7488 (base 16) in base 8?
72210
What is -6b0 (base 13) in base 2?
-10010000101
-130 (base 10) to base 16
-82
What is -1d2c (base 14) in base 16?
-14d4
-1111011101001111 (base 2) to base 16
-f74f
Convert 612 (base 11) to base 7.
2104
-2033 (base 4) to base 5
-1033
-10 (base 14) to base 15
-e
Convert -114132 (base 7) to base 14.
-7752
Convert 3205 (base 6) to base 12.
505
What is 29b (base 14) in base 9?
647
What is 201122 (base 3) in base 9?
648
-1732 (base 11) to base 15
-9c8
1507 (base 13) to base 10
3049
Convert -11121 (base 5) to base 9.
-1063
What is 10232 (base 11) in base 16?
3a46
What is 23 (base 16) in base 15?
25
568 (base 12) to base 5
11200
3251 (base 10) to base 12
1a6b
Convert 67 (base 15) to base 13.
76
What is 122101 (base 5) in base 3?
20101021
Convert 1612 (base 7) to base 13.
3a9
Convert 395 (base 11) to base 5.
3332
b1c4 (base 15) to base 6
445434
7904 (base 10) to base 13
37a0
Convert -647b (base 12) to base 13.
-5042
Convert 1b2 (base 16) to base 10.
434
What is -251 (base 7) in base 10?
-134
What is 2002140 (base 5) in base 15?
9530
-2cc (base 16) to base 5
-10331
What is -1046 (base 8) in base 14?
-2b4
Convert 1202112 (base 3) to base 12.
8ab
Convert -1011011101000 (base 2) to base 11.
-4451
-6e5 (base 16) to base 6
-12101
110122212 (base 3) to base 10
9230
What is 23470 (base 12) in base 14?
1335a
Convert 5244 (base 7) to base 15.
830
Convert 9416 (base 11) to base 14.
4796
What is -303010 (base 5) in base 12?
-578b
What is -685 (base 9) in base 16?
-233
Convert 23432 (base 7) to base 10.
6050
What is -4032 (base 7) in base 15?
-630
Convert -2526 (base 8) to base 16.
-556
What is 4531 (base 7) in base 16?
667
1001111100011 (base 2) to base 12
2b43
What is 1032 (base 8) in base 15?
25d
Convert -200121201 (base 3) to base 13.
-6241
61c (base 14) to base 16
4b2
Convert -1581 (base 9) to base 7.
-3343
Convert -390 (base 10) to base 16.
-186
What is -11004 (base 6) in base 16?
-5ec
What is -2231200 (base 4) in base 12?
-6514
Convert 331 (base 8) to base 10.
217
Convert -21b (base 12) to base 10.
-311
Convert 3b68 (base 14) to base 4.
2203300
Convert -1211 (base 6) to base 8.
-447
Convert 2c4 (base 13) to base 11.
413
What is -325 (base 10) in base 7?
-643
What is -56 (base 13) in base 12?
-5b
38c (base 13) to base 7
1550
-135338 (base 9) to base 15
-19755
Convert -7228 (base 10) to base 16.
-1c3c
-395 (base 13) to base 4
-21311
Convert -287 (base 16) to base 5.
-10042
213 (base 16) to base 6
2243
What is 1000110 (base 2) in base 12?
5a
What is -17162 (base 9) in base 12?
-69b5
34278 (base 10) to base 13
127aa
-13235 (base 11) to base 4
-10213202
What is -24b5 (base 15) in base 13?
-3737
Convert -24527 (base 10) to base 5.
-1241102
-1131133 (base 6) to base 12
-29aa9
Convert 223 (base 5) to base 11.
58
10d (base 16) to base 9
328
-301022 (base 4) to base 10
-3146
Convert 267 (base 14) to base 3.
122220
Convert 155511 (base 6) to base 2.
11110010100011
Convert -726 (base 13) to base 15.
-560
-301211 (base 4) to base 12
-1a05
What is -3224032 (base 5) in base 3?
-2210022001
Convert 14642 (base 7) to base 2.
1000000000001
Convert 35 (base 14) to base 15.
32
-1305 (base 9) to base 10
-977
What is 41216 (base 7) in base 11?
7614
-4749 (base 14) to base 8
-30175
3624 (base 14) to base 9
13848
What is 2233 (base 10) in base 2?
100010111001
Convert 233101 (base 4) to base 6.
22001
Convert -7164 (base 10) to base 12.
-4190
Convert 14424 (base 6) to base 10.
2320
Convert 8481 (base 9) to base 15.
1ca4
-4f59 (base 16) to base 2
-100111101011001
62672 (base 8) to base 14
96c2
Convert b21 (base 15) to base 12.
154a
Convert -913 (base 11) to base 4.
-101033
Convert 17bd (base 16) to base 8.
13675
Convert 146104 (base 7) to base 4.
12331222
What is 268 (base 10) in base 3?
100221
What is -6050 (base 9) in base 4?
-1011003
-1ca (base 16) to base 3
-121222
-1728 (base 10) to base 14
-8b6
What is 687e (base 16) in base 2?
110100001111110
-7215 (base 10) to base 5
-212330
What is -100011010101 (base 2) in base 13?
-104c
785 (base 11) to base 7
2512
-131030 (base 4) to base 15
-848
-b70b (base 12) to base 2
-100111000111011
-34d (base 15) to base 13
-457
What is 254442 (base 6) in base 5?
1214231
-ba1 (base 14) to base 12
-13b5
Convert -210211 (base 3) to base 6.
-2421
What is 2912 (base 11) in base 8?
7264
Convert 1001011 (base 2) to base 10.
75
What is -101101100001 (base 2) in base 15?
-ce3
53055 (base 7) to base 2
11001100010010
-14 (base 6) to base 2
-1010
-1556 (base 9) to base 8
-2241
55b (base 12) to base 13
48b
72 (base 14) to base 5
400
Convert 5458 (base 10) to base 7.
21625
43b (base 15) to base 10
956
What is 33110 (base 5) in base 7?
6435
Convert 2181 (base 11) to base 3.
10221101
Convert 403312 (base 5) to base 12.
75b9
Convert 10573 (base 10) to base 16.
294d
Convert -122212 (base 3) to base 16.
-1e2
Convert -15023 (base 8) to base 15.
-1ea0
-2ba (base 16) to base 14
-37c
4710 (base 10) to base 6
33450
Convert -3654 (base 9) to base 6.
-20334
What is 1526 (base 8) in base 6?
3542
What is -320 (base 12) in base 3?
-121220
What is -4874 (base 14) in base 4?
-3011212
Convert -100011110111010 (base 2) to base 5.
-1041422
-1220121 (base 3) to base 7
-4030
-623 (base 7) to base 9
-375
Convert -2536 (base 8) to base 15.
-619
Convert 31411 (base 8) to base 2.
11001100001001
Convert 1b57 (base 14) to base 5.
124402
Convert -7795 (base 12) to base 6.
-141105
-6661 (base 7) to base 13
-1123
What is -55 (base 14) in base 16?
-4b
-1b7 (base 12) to base 4
-10123
463 (base 13) to base 8
1365
Convert -567 (base 13) to base 6.
-4150
-2b04 (base 13) to base 2
-1100001110001
What is 1010221 (base 3) in base 10?
835
-81 (base 12) to base 2
-1100001
What is 14122 (base 10) in base 4?
3130222